{"id":358,"date":"2023-10-16T14:58:33","date_gmt":"2023-10-16T20:58:33","guid":{"rendered":"https:\/\/pfranciscom.wordpress.com\/?page_id=358"},"modified":"2025-12-01T15:32:43","modified_gmt":"2025-12-01T21:32:43","slug":"sesiones-academicas","status":"publish","type":"page","link":"https:\/\/premiofranciscomercado.org\/?page_id=358","title":{"rendered":"Sesiones acad\u00e9micas"},"content":{"rendered":"\n<p class=\"has-white-color has-text-color has-background has-link-color wp-elements-7d68e785fa575322109d44ecf7a2c235\" style=\"background-color:#d3812a;font-size:18px\"><strong>Mesa Redonda: La subjetividad en las pr\u00e1cticas de dictaminaci\u00f3n en la investigaci\u00f3n cualitativa en salud | Actividades Acad\u00e9micas<\/strong><\/p>\n\n\n\n<figure class=\"wp-block-embed is-type-video is-provider-youtube wp-block-embed-youtube wp-embed-aspect-16-9 wp-has-aspect-ratio\"><div class=\"wp-block-embed__wrapper\">\n<iframe loading=\"lazy\" title=\"La subjetividad en las pr\u00e1cticas de dictaminaci\u00f3n en la investigaci\u00f3n cualitativa en salud\" width=\"1100\" height=\"619\" src=\"https:\/\/www.youtube.com\/embed\/DkJjQM2zRd4?feature=oembed\" frameborder=\"0\" allow=\"accelerometer; autoplay; clipboard-write; encrypted-media; gyroscope; picture-in-picture; web-share\" referrerpolicy=\"strict-origin-when-cross-origin\" allowfullscreen><\/iframe>\n<\/div><\/figure>\n\n\n\n<p class=\"has-white-color has-text-color has-background has-link-color wp-elements-ddcc6a9465a3a7701df83a097bedbae5\" style=\"background-color:#d3812a;font-size:18px\"><strong>Investigar, sobrevivir y avanzar en el campo de conocimiento sobre el cuidado | Leticia Robles Silva | Actividad Entretiempos<\/strong><\/p>\n\n\n\n<figure class=\"wp-block-embed is-type-video is-provider-youtube wp-block-embed-youtube wp-embed-aspect-16-9 wp-has-aspect-ratio\"><div class=\"wp-block-embed__wrapper\">\n<iframe loading=\"lazy\" title=\"Investigar, sobrevivir y avanzar en el campo de conocimiento sobre el cuidado|Actividad Entretiempos\" width=\"1100\" height=\"619\" src=\"https:\/\/www.youtube.com\/embed\/70QddEzgWg4?feature=oembed\" frameborder=\"0\" allow=\"accelerometer; autoplay; clipboard-write; encrypted-media; gyroscope; picture-in-picture; web-share\" referrerpolicy=\"strict-origin-when-cross-origin\" allowfullscreen><\/iframe>\n<\/div><\/figure>\n\n\n\n<p class=\"has-white-color has-text-color has-background has-link-color wp-elements-14338e651e89ab500a39e6ed41eea12e\" style=\"background-color:#d3812a;font-size:18px\"><strong>Investigaci\u00f3n ind\u00edgena: Explorando las relaciones para el Buen Vivir | Carlos E. S\u00e1nchez Pimienta | Actividades Acad\u00e9micas<\/strong><\/p>\n\n\n\n<figure class=\"wp-block-embed is-type-video is-provider-youtube wp-block-embed-youtube wp-embed-aspect-16-9 wp-has-aspect-ratio\"><div class=\"wp-block-embed__wrapper\">\n<iframe loading=\"lazy\" title=\"Investigaci\u00f3n ind\u00edgena: Explorando las relaciones para el Buen Vivir | Conferencia\" width=\"1100\" height=\"619\" src=\"https:\/\/www.youtube.com\/embed\/YxqUGkSIdps?start=3&#038;feature=oembed\" frameborder=\"0\" allow=\"accelerometer; autoplay; clipboard-write; encrypted-media; gyroscope; picture-in-picture; web-share\" referrerpolicy=\"strict-origin-when-cross-origin\" allowfullscreen><\/iframe>\n<\/div><\/figure>\n\n\n<div class=\"wp-block-image\">\n<figure class=\"aligncenter size-medium\"><img loading=\"lazy\" decoding=\"async\" width=\"300\" height=\"169\" src=\"https:\/\/premiofranciscomercado.org\/wp-content\/uploads\/2023\/10\/separador-300x169.png\" alt=\"\" class=\"wp-image-620\" srcset=\"https:\/\/premiofranciscomercado.org\/wp-content\/uploads\/2023\/10\/separador-300x169.png 300w, https:\/\/premiofranciscomercado.org\/wp-content\/uploads\/2023\/10\/separador-1024x576.png 1024w, https:\/\/premiofranciscomercado.org\/wp-content\/uploads\/2023\/10\/separador-768x432.png 768w, https:\/\/premiofranciscomercado.org\/wp-content\/uploads\/2023\/10\/separador-1536x864.png 1536w, https:\/\/premiofranciscomercado.org\/wp-content\/uploads\/2023\/10\/separador.png 1920w\" sizes=\"auto, (max-width: 300px) 100vw, 300px\" \/><\/figure>\n<\/div>\n\n\n<p class=\"has-white-color has-text-color has-background has-link-color wp-elements-cd7d81653d6d25f50b409f4563a1fafd\" style=\"background-color:#d3812a;font-size:18px\"><strong>Alegr\u00edas y tristezas durante el doctorado | Carla Freijomil, Marga Pla y Fernando Bertolotto<\/strong> | Actividades Acad\u00e9micas<\/p>\n\n\n\n<figure class=\"wp-block-embed is-type-video is-provider-youtube wp-block-embed-youtube wp-embed-aspect-16-9 wp-has-aspect-ratio\"><div class=\"wp-block-embed__wrapper\">\n<iframe loading=\"lazy\" title=\"Alegr\u00edas y tristezas en el doctorado | Conversatorio | CIICS X\" width=\"1100\" height=\"619\" src=\"https:\/\/www.youtube.com\/embed\/T5ukncs0uvw?start=2269&#038;feature=oembed\" frameborder=\"0\" allow=\"accelerometer; autoplay; clipboard-write; encrypted-media; gyroscope; picture-in-picture; web-share\" referrerpolicy=\"strict-origin-when-cross-origin\" allowfullscreen><\/iframe>\n<\/div><\/figure>\n\n\n<div class=\"wp-block-image\">\n<figure class=\"aligncenter size-medium is-resized\"><img loading=\"lazy\" decoding=\"async\" width=\"300\" height=\"169\" src=\"https:\/\/premiofranciscomercado.org\/wp-content\/uploads\/2023\/10\/separador-300x169.png\" alt=\"\" class=\"wp-image-620\" style=\"width:150px;height:auto\" srcset=\"https:\/\/premiofranciscomercado.org\/wp-content\/uploads\/2023\/10\/separador-300x169.png 300w, https:\/\/premiofranciscomercado.org\/wp-content\/uploads\/2023\/10\/separador-1024x576.png 1024w, https:\/\/premiofranciscomercado.org\/wp-content\/uploads\/2023\/10\/separador-768x432.png 768w, https:\/\/premiofranciscomercado.org\/wp-content\/uploads\/2023\/10\/separador-1536x864.png 1536w, https:\/\/premiofranciscomercado.org\/wp-content\/uploads\/2023\/10\/separador.png 1920w\" sizes=\"auto, (max-width: 300px) 100vw, 300px\" \/><\/figure>\n<\/div>\n\n\n<p class=\"has-white-color has-text-color has-background has-link-color wp-elements-98be96624afede036ffd753cbe77ebcb\" style=\"background-color:#d3812a;font-size:18px\"><strong>\u00abTener una buena pregunta de investigaci\u00f3n\u00bb | Lilian Magalh\u00e3es | Anuncio Edici\u00f3n 2023<\/strong><\/p>\n\n\n\n<figure class=\"wp-block-embed is-type-video is-provider-youtube wp-block-embed-youtube wp-embed-aspect-16-9 wp-has-aspect-ratio\"><div class=\"wp-block-embed__wrapper\">\n<iframe loading=\"lazy\" title=\"&quot;Tener una buena pregunta de\u00a0investigaci\u00f3n&quot; - Lilian Magalh\u00e3es | Anuncio Edicion 2023 | IX CIICS\" width=\"1100\" height=\"619\" src=\"https:\/\/www.youtube.com\/embed\/n2H3ct4zQqU?feature=oembed\" frameborder=\"0\" allow=\"accelerometer; autoplay; clipboard-write; encrypted-media; gyroscope; picture-in-picture; web-share\" referrerpolicy=\"strict-origin-when-cross-origin\" allowfullscreen><\/iframe>\n<\/div><\/figure>\n\n\n\n<p><br><\/p>\n","protected":false},"excerpt":{"rendered":"<p>Mesa Redonda: La subjetividad en las pr\u00e1cticas de dictaminaci\u00f3n en la investigaci\u00f3n cualitativa en salud | Actividades Acad\u00e9micas Investigar, sobrevivir y avanzar en el campo de conocimiento sobre el cuidado | Leticia Robles Silva | Actividad Entretiempos Investigaci\u00f3n ind\u00edgena: Explorando las relaciones para el Buen Vivir | Carlos E. S\u00e1nchez Pimienta | Actividades Acad\u00e9micas Alegr\u00edas &hellip; <a href=\"https:\/\/premiofranciscomercado.org\/?page_id=358\" class=\"more-link\">Sigue leyendo <span class=\"screen-reader-text\">Sesiones acad\u00e9micas<\/span> <span class=\"meta-nav\">&rarr;<\/span><\/a><\/p>\n","protected":false},"author":2,"featured_media":0,"parent":0,"menu_order":0,"comment_status":"closed","ping_status":"closed","template":"","meta":{"footnotes":""},"class_list":["post-358","page","type-page","status-publish","hentry"],"_links":{"self":[{"href":"https:\/\/premiofranciscomercado.org\/index.php?rest_route=\/wp\/v2\/pages\/358","targetHints":{"allow":["GET"]}}],"collection":[{"href":"https:\/\/premiofranciscomercado.org\/index.php?rest_route=\/wp\/v2\/pages"}],"about":[{"href":"https:\/\/premiofranciscomercado.org\/index.php?rest_route=\/wp\/v2\/types\/page"}],"author":[{"embeddable":true,"href":"https:\/\/premiofranciscomercado.org\/index.php?rest_route=\/wp\/v2\/users\/2"}],"replies":[{"embeddable":true,"href":"https:\/\/premiofranciscomercado.org\/index.php?rest_route=%2Fwp%2Fv2%2Fcomments&post=358"}],"version-history":[{"count":9,"href":"https:\/\/premiofranciscomercado.org\/index.php?rest_route=\/wp\/v2\/pages\/358\/revisions"}],"predecessor-version":[{"id":1491,"href":"https:\/\/premiofranciscomercado.org\/index.php?rest_route=\/wp\/v2\/pages\/358\/revisions\/1491"}],"wp:attachment":[{"href":"https:\/\/premiofranciscomercado.org\/index.php?rest_route=%2Fwp%2Fv2%2Fmedia&parent=358"}],"curies":[{"name":"wp","href":"https:\/\/api.w.org\/{rel}","templated":true}]}}

Sesiones académicas

<p class="has-white-color has-text-color has-background has-link-color wp-elements-7d68e785fa575322109d44ecf7a2c235" style="background-color:#d3812a;font-size:18px"><strong>Mesa Redonda: La subjetividad en las prácticas de dictaminación en la investigación cualitativa en salud | Actividades Académicas</strong></p>



<figure class="wp-block-embed is-type-video is-provider-youtube wp-block-embed-youtube wp-embed-aspect-16-9 wp-has-aspect-ratio"><div class="wp-block-embed__wrapper">
<iframe loading="lazy" title="La subjetividad en las prácticas de dictaminación en la investigación cualitativa en salud" width="1100" height="619" src="https://www.youtube.com/embed/DkJjQM2zRd4?feature=oembed" frameborder="0" allow="accelerometer; autoplay; clipboard-write; encrypted-media; gyroscope; picture-in-picture; web-share" referrerpolicy="strict-origin-when-cross-origin" allowfullscreen></iframe>
</div></figure>



<p class="has-white-color has-text-color has-background has-link-color wp-elements-ddcc6a9465a3a7701df83a097bedbae5" style="background-color:#d3812a;font-size:18px"><strong>Investigar, sobrevivir y avanzar en el campo de conocimiento sobre el cuidado | Leticia Robles Silva | Actividad Entretiempos</strong></p>



<figure class="wp-block-embed is-type-video is-provider-youtube wp-block-embed-youtube wp-embed-aspect-16-9 wp-has-aspect-ratio"><div class="wp-block-embed__wrapper">
<iframe loading="lazy" title="Investigar, sobrevivir y avanzar en el campo de conocimiento sobre el cuidado|Actividad Entretiempos" width="1100" height="619" src="https://www.youtube.com/embed/70QddEzgWg4?feature=oembed" frameborder="0" allow="accelerometer; autoplay; clipboard-write; encrypted-media; gyroscope; picture-in-picture; web-share" referrerpolicy="strict-origin-when-cross-origin" allowfullscreen></iframe>
</div></figure>



<p class="has-white-color has-text-color has-background has-link-color wp-elements-14338e651e89ab500a39e6ed41eea12e" style="background-color:#d3812a;font-size:18px"><strong>Investigación indígena: Explorando las relaciones para el Buen Vivir | Carlos E. Sánchez Pimienta | Actividades Académicas</strong></p>



<figure class="wp-block-embed is-type-video is-provider-youtube wp-block-embed-youtube wp-embed-aspect-16-9 wp-has-aspect-ratio"><div class="wp-block-embed__wrapper">
<iframe loading="lazy" title="Investigación indígena: Explorando las relaciones para el Buen Vivir | Conferencia" width="1100" height="619" src="https://www.youtube.com/embed/YxqUGkSIdps?start=3&#038;feature=oembed" frameborder="0" allow="accelerometer; autoplay; clipboard-write; encrypted-media; gyroscope; picture-in-picture; web-share" referrerpolicy="strict-origin-when-cross-origin" allowfullscreen></iframe>
</div></figure>


<div class="wp-block-image">
<figure class="aligncenter size-medium"><img loading="lazy" decoding="async" width="300" height="169" src="https://premiofranciscomercado.org/wp-content/uploads/2023/10/separador-300x169.png" alt="" class="wp-image-620" srcset="https://premiofranciscomercado.org/wp-content/uploads/2023/10/separador-300x169.png 300w, https://premiofranciscomercado.org/wp-content/uploads/2023/10/separador-1024x576.png 1024w, https://premiofranciscomercado.org/wp-content/uploads/2023/10/separador-768x432.png 768w, https://premiofranciscomercado.org/wp-content/uploads/2023/10/separador-1536x864.png 1536w, https://premiofranciscomercado.org/wp-content/uploads/2023/10/separador.png 1920w" sizes="auto, (max-width: 300px) 100vw, 300px" /></figure>
</div>


<p class="has-white-color has-text-color has-background has-link-color wp-elements-cd7d81653d6d25f50b409f4563a1fafd" style="background-color:#d3812a;font-size:18px"><strong>Alegrías y tristezas durante el doctorado | Carla Freijomil, Marga Pla y Fernando Bertolotto</strong> | Actividades Académicas</p>



<figure class="wp-block-embed is-type-video is-provider-youtube wp-block-embed-youtube wp-embed-aspect-16-9 wp-has-aspect-ratio"><div class="wp-block-embed__wrapper">
<iframe loading="lazy" title="Alegrías y tristezas en el doctorado | Conversatorio | CIICS X" width="1100" height="619" src="https://www.youtube.com/embed/T5ukncs0uvw?start=2269&#038;feature=oembed" frameborder="0" allow="accelerometer; autoplay; clipboard-write; encrypted-media; gyroscope; picture-in-picture; web-share" referrerpolicy="strict-origin-when-cross-origin" allowfullscreen></iframe>
</div></figure>


<div class="wp-block-image">
<figure class="aligncenter size-medium is-resized"><img loading="lazy" decoding="async" width="300" height="169" src="https://premiofranciscomercado.org/wp-content/uploads/2023/10/separador-300x169.png" alt="" class="wp-image-620" style="width:150px;height:auto" srcset="https://premiofranciscomercado.org/wp-content/uploads/2023/10/separador-300x169.png 300w, https://premiofranciscomercado.org/wp-content/uploads/2023/10/separador-1024x576.png 1024w, https://premiofranciscomercado.org/wp-content/uploads/2023/10/separador-768x432.png 768w, https://premiofranciscomercado.org/wp-content/uploads/2023/10/separador-1536x864.png 1536w, https://premiofranciscomercado.org/wp-content/uploads/2023/10/separador.png 1920w" sizes="auto, (max-width: 300px) 100vw, 300px" /></figure>
</div>


<p class="has-white-color has-text-color has-background has-link-color wp-elements-98be96624afede036ffd753cbe77ebcb" style="background-color:#d3812a;font-size:18px"><strong>«Tener una buena pregunta de investigación» | Lilian Magalhães | Anuncio Edición 2023</strong></p>



<figure class="wp-block-embed is-type-video is-provider-youtube wp-block-embed-youtube wp-embed-aspect-16-9 wp-has-aspect-ratio"><div class="wp-block-embed__wrapper">
<iframe loading="lazy" title="&quot;Tener una buena pregunta de investigación&quot; - Lilian Magalhães | Anuncio Edicion 2023 | IX CIICS" width="1100" height="619" src="https://www.youtube.com/embed/n2H3ct4zQqU?feature=oembed" frameborder="0" allow="accelerometer; autoplay; clipboard-write; encrypted-media; gyroscope; picture-in-picture; web-share" referrerpolicy="strict-origin-when-cross-origin" allowfullscreen></iframe>
</div></figure>



<p><br></p>

<p>Mesa Redonda: La subjetividad en las prácticas de dictaminación en la investigación cualitativa en salud | Actividades Académicas Investigar, sobrevivir y avanzar en el campo de conocimiento sobre el cuidado | Leticia Robles Silva | Actividad Entretiempos Investigación indígena: Explorando las relaciones para el Buen Vivir | Carlos E. Sánchez Pimienta | Actividades Académicas Alegrías &hellip; <a href="https://premiofranciscomercado.org/?page_id=358" class="more-link">Sigue leyendo <span class="screen-reader-text">Sesiones académicas</span> <span class="meta-nav">&rarr;</span></a></p>
