{"id":346,"date":"2023-10-16T14:54:10","date_gmt":"2023-10-16T20:54:10","guid":{"rendered":"https:\/\/pfranciscom.wordpress.com\/?page_id=346"},"modified":"2025-05-27T11:48:40","modified_gmt":"2025-05-27T17:48:40","slug":"francisco-mercado","status":"publish","type":"page","link":"https:\/\/premiofranciscomercado.org\/?page_id=346","title":{"rendered":"Francisco Mercado"},"content":{"rendered":"\n<p style=\"font-size:20px;line-height:0.1\"><strong><em>Francisco Javier Mercado-Mart\u00ednez \u271d<\/em><\/strong><\/p>\n\n\n\n<p style=\"font-size:20px;line-height:0.1\">Universidad de Guadalajara, M\u00e9xico<\/p>\n\n\n<div class=\"wp-block-image\">\n<figure class=\"aligncenter size-large\"><img loading=\"lazy\" decoding=\"async\" width=\"528\" height=\"353\" src=\"https:\/\/premiofranciscomercado.org\/wp-content\/uploads\/2023\/10\/francisco-2.jpg?w=528\" alt=\"\" class=\"wp-image-351\" style=\"aspect-ratio:4\/3;object-fit:cover\" srcset=\"https:\/\/premiofranciscomercado.org\/wp-content\/uploads\/2023\/10\/francisco-2.jpg 528w, https:\/\/premiofranciscomercado.org\/wp-content\/uploads\/2023\/10\/francisco-2-300x201.jpg 300w\" sizes=\"auto, (max-width: 528px) 100vw, 528px\" \/><\/figure>\n<\/div>\n\n\n<p class=\"has-text-align-justify\" style=\"font-size:20px;line-height:1.5\">Francisco Javier Mercado Mart\u00ednez (Manalisco, 1952 \u2013 Guadalajara, 2019) fue un investigador mexicano adscrito al Centro Universitario de Ciencias de la Salud de la Universidad de Guadalajara, quien destac\u00f3 por promover la investigaci\u00f3n cualitativa en salud en Iberoam\u00e9rica. Entre sus iniciativas est\u00e1 la puesta en marcha en la Universidad de Guadalajara del ProgiECS (Programa de Investigaci\u00f3n Cualitativa y Evaluativa en Salud), que funcion\u00f3 como la sede internacional en M\u00e9xico del <em>International Institute for Qualitative Methodology<\/em> de la Universidad de Alberta, Canad\u00e1. Este programa promovi\u00f3 entre 1999 y 2003, el intercambio de experiencias en la investigaci\u00f3n cualitativa en el campo de la salud y sirvi\u00f3 como un espacio para el desarrollo de quienes estaban interesados en este campo de conocimiento.<\/p>\n\n\n\n<p class=\"has-text-align-justify\" style=\"font-size:20px;line-height:1.5\">Posteriormente, Francisco Mercado fue una parte activa de la red <em>The International Collaboration for Participatory Health Research<\/em>. Asimismo, promovi\u00f3 la publicaci\u00f3n de obras para visibilizar la producci\u00f3n iberoamericana, entre las que se encuentran las antolog\u00edas: \u201cParadigmas y dise\u00f1os de investigaci\u00f3n cualitativa en salud. Una antolog\u00eda iberoamericana.1\u200b\u201d e \u201cInvestigaci\u00f3n cualitativa en salud en Iberoamerica. M\u00e9todos, an\u00e1lisis y \u00e9tica2\u200b\u201d. Fue editor regional en espa\u00f1ol del <em>International Journal of Qualitative Methods<\/em>, y form\u00f3 parte del comit\u00e9 editorial de las revistas <em>Qualitative Health Research<\/em> y <em>Nursing Inquiry<\/em> entre otras. Por \u00faltimo, organiz\u00f3 el 1.er Congreso Iberoamericano de Investigaci\u00f3n Cualitativa en salud (CIICS), que se celebr\u00f3 simult\u00e1neamente con el 9\u00b0 Congreso Internacional en investigaci\u00f3n cualitativa en salud en 2003 en Guadalajara, M\u00e9xico.<\/p>\n","protected":false},"excerpt":{"rendered":"<p>Francisco Javier Mercado-Mart\u00ednez \u271d Universidad de Guadalajara, M\u00e9xico Francisco Javier Mercado Mart\u00ednez (Manalisco, 1952 \u2013 Guadalajara, 2019) fue un investigador mexicano adscrito al Centro Universitario de Ciencias de la Salud de la Universidad de Guadalajara, quien destac\u00f3 por promover la investigaci\u00f3n cualitativa en salud en Iberoam\u00e9rica. Entre sus iniciativas est\u00e1 la puesta en marcha en &hellip; <a href=\"https:\/\/premiofranciscomercado.org\/?page_id=346\" class=\"more-link\">Sigue leyendo <span class=\"screen-reader-text\">Francisco Mercado<\/span> <span class=\"meta-nav\">&rarr;<\/span><\/a><\/p>\n","protected":false},"author":2,"featured_media":0,"parent":0,"menu_order":0,"comment_status":"closed","ping_status":"closed","template":"","meta":{"footnotes":""},"class_list":["post-346","page","type-page","status-publish","hentry"],"_links":{"self":[{"href":"https:\/\/premiofranciscomercado.org\/index.php?rest_route=\/wp\/v2\/pages\/346","targetHints":{"allow":["GET"]}}],"collection":[{"href":"https:\/\/premiofranciscomercado.org\/index.php?rest_route=\/wp\/v2\/pages"}],"about":[{"href":"https:\/\/premiofranciscomercado.org\/index.php?rest_route=\/wp\/v2\/types\/page"}],"author":[{"embeddable":true,"href":"https:\/\/premiofranciscomercado.org\/index.php?rest_route=\/wp\/v2\/users\/2"}],"replies":[{"embeddable":true,"href":"https:\/\/premiofranciscomercado.org\/index.php?rest_route=%2Fwp%2Fv2%2Fcomments&post=346"}],"version-history":[{"count":1,"href":"https:\/\/premiofranciscomercado.org\/index.php?rest_route=\/wp\/v2\/pages\/346\/revisions"}],"predecessor-version":[{"id":1374,"href":"https:\/\/premiofranciscomercado.org\/index.php?rest_route=\/wp\/v2\/pages\/346\/revisions\/1374"}],"wp:attachment":[{"href":"https:\/\/premiofranciscomercado.org\/index.php?rest_route=%2Fwp%2Fv2%2Fmedia&parent=346"}],"curies":[{"name":"wp","href":"https:\/\/api.w.org\/{rel}","templated":true}]}}

<p style="font-size:20px;line-height:0.1"><strong><em>Francisco Javier Mercado-Martínez ✝</em></strong></p>



<p style="font-size:20px;line-height:0.1">Universidad de Guadalajara, México</p>


<div class="wp-block-image">
<figure class="aligncenter size-large"><img loading="lazy" decoding="async" width="528" height="353" src="https://premiofranciscomercado.org/wp-content/uploads/2023/10/francisco-2.jpg?w=528" alt="" class="wp-image-351" style="aspect-ratio:4/3;object-fit:cover" srcset="https://premiofranciscomercado.org/wp-content/uploads/2023/10/francisco-2.jpg 528w, https://premiofranciscomercado.org/wp-content/uploads/2023/10/francisco-2-300x201.jpg 300w" sizes="auto, (max-width: 528px) 100vw, 528px" /></figure>
</div>


<p class="has-text-align-justify" style="font-size:20px;line-height:1.5">Francisco Javier Mercado Martínez (Manalisco, 1952 – Guadalajara, 2019) fue un investigador mexicano adscrito al Centro Universitario de Ciencias de la Salud de la Universidad de Guadalajara, quien destacó por promover la investigación cualitativa en salud en Iberoamérica. Entre sus iniciativas está la puesta en marcha en la Universidad de Guadalajara del ProgiECS (Programa de Investigación Cualitativa y Evaluativa en Salud), que funcionó como la sede internacional en México del <em>International Institute for Qualitative Methodology</em> de la Universidad de Alberta, Canadá. Este programa promovió entre 1999 y 2003, el intercambio de experiencias en la investigación cualitativa en el campo de la salud y sirvió como un espacio para el desarrollo de quienes estaban interesados en este campo de conocimiento.</p>



<p class="has-text-align-justify" style="font-size:20px;line-height:1.5">Posteriormente, Francisco Mercado fue una parte activa de la red <em>The International Collaboration for Participatory Health Research</em>. Asimismo, promovió la publicación de obras para visibilizar la producción iberoamericana, entre las que se encuentran las antologías: “Paradigmas y diseños de investigación cualitativa en salud. Una antología iberoamericana.1​” e “Investigación cualitativa en salud en Iberoamerica. Métodos, análisis y ética2​”. Fue editor regional en español del <em>International Journal of Qualitative Methods</em>, y formó parte del comité editorial de las revistas <em>Qualitative Health Research</em> y <em>Nursing Inquiry</em> entre otras. Por último, organizó el 1.er Congreso Iberoamericano de Investigación Cualitativa en salud (CIICS), que se celebró simultáneamente con el 9° Congreso Internacional en investigación cualitativa en salud en 2003 en Guadalajara, México.</p>

<p>Francisco Javier Mercado-Martínez ✝ Universidad de Guadalajara, México Francisco Javier Mercado Martínez (Manalisco, 1952 – Guadalajara, 2019) fue un investigador mexicano adscrito al Centro Universitario de Ciencias de la Salud de la Universidad de Guadalajara, quien destacó por promover la investigación cualitativa en salud en Iberoamérica. Entre sus iniciativas está la puesta en marcha en &hellip; <a href="https://premiofranciscomercado.org/?page_id=346" class="more-link">Sigue leyendo <span class="screen-reader-text">Francisco Mercado</span> <span class="meta-nav">&rarr;</span></a></p>
