{"id":252,"date":"2023-10-15T14:25:43","date_gmt":"2023-10-15T20:25:43","guid":{"rendered":"https:\/\/pfranciscom.wordpress.com\/?page_id=252"},"modified":"2026-04-23T11:00:19","modified_gmt":"2026-04-23T17:00:19","slug":"edicion-2023","status":"publish","type":"page","link":"https:\/\/premiofranciscomercado.org\/?page_id=252","title":{"rendered":"Edici\u00f3n 2023"},"content":{"rendered":"\n<p class=\"has-white-color has-text-color has-background has-link-color has-eb-garamond-font-family wp-elements-f4774cce9e9cfa195d6244e3dff1c6d0\" style=\"background-color:#d3812a;font-size:26px;line-height:1\"><strong>Reconocimiento<\/strong><\/p>\n\n\n\n<div class=\"wp-block-media-text has-media-on-the-right is-stacked-on-mobile\"><div class=\"wp-block-media-text__content\">\n<p class=\"has-text-align-center\" style=\"font-size:30px\">Repercuss\u00f5es da experi\u00eancia de racismo nas ocupa\u00e7\u00f5es maternais de mulheres negras: Estrat\u00e9gias de enfrentamento<br><a href=\"https:\/\/repositorio.ufscar.br\/bitstream\/handle\/ufscar\/14993\/%5bSofiaMartins_versaofinaltese%5d%20Repercussoes%20da%20experiencia%20do%20racismo%20nas%20ocupacoes%20maternais_estrategias%20de%20enfrentamento.pdf?sequence=1&amp;isAllowed=y\" target=\"_blank\" rel=\"noreferrer noopener\"><em>Tesis<\/em><\/a><\/p>\n<\/div><figure class=\"wp-block-media-text__media\"><img loading=\"lazy\" decoding=\"async\" width=\"441\" height=\"624\" src=\"https:\/\/premiofranciscomercado.org\/wp-content\/uploads\/2023\/10\/martins.jpg?w=441\" alt=\"\" class=\"wp-image-255 size-full\" srcset=\"https:\/\/premiofranciscomercado.org\/wp-content\/uploads\/2023\/10\/martins.jpg 441w, https:\/\/premiofranciscomercado.org\/wp-content\/uploads\/2023\/10\/martins-212x300.jpg 212w\" sizes=\"auto, (max-width: 441px) 100vw, 441px\" \/><\/figure><\/div>\n\n\n\n<div class=\"wp-block-media-text is-stacked-on-mobile\" style=\"grid-template-columns:30% auto\"><figure class=\"wp-block-media-text__media\"><img loading=\"lazy\" decoding=\"async\" width=\"726\" height=\"1024\" src=\"https:\/\/premiofranciscomercado.org\/wp-content\/uploads\/2024\/09\/unnamed-726x1024.jpg\" alt=\"\" class=\"wp-image-1237 size-full\" srcset=\"https:\/\/premiofranciscomercado.org\/wp-content\/uploads\/2024\/09\/unnamed-726x1024.jpg 726w, https:\/\/premiofranciscomercado.org\/wp-content\/uploads\/2024\/09\/unnamed-213x300.jpg 213w, https:\/\/premiofranciscomercado.org\/wp-content\/uploads\/2024\/09\/unnamed-768x1083.jpg 768w, https:\/\/premiofranciscomercado.org\/wp-content\/uploads\/2024\/09\/unnamed-1089x1536.jpg 1089w, https:\/\/premiofranciscomercado.org\/wp-content\/uploads\/2024\/09\/unnamed-1453x2048.jpg 1453w, https:\/\/premiofranciscomercado.org\/wp-content\/uploads\/2024\/09\/unnamed-1100x1551.jpg 1100w, https:\/\/premiofranciscomercado.org\/wp-content\/uploads\/2024\/09\/unnamed-scaled.jpg 1816w\" sizes=\"auto, (max-width: 726px) 100vw, 726px\" \/><\/figure><div class=\"wp-block-media-text__content\">\n<p><a href=\"https:\/\/lattes.cnpq.br\/3202960614207080\">Sofia Martins<\/a><\/p>\n\n\n\n<p>Universidade Federal de S\u00e3o Carlos, Brasil<\/p>\n<\/div><\/div>\n\n\n\n<p><\/p>\n\n\n<div class=\"wp-block-image\">\n<figure class=\"aligncenter size-medium\"><img loading=\"lazy\" decoding=\"async\" width=\"300\" height=\"169\" src=\"https:\/\/premiofranciscomercado.org\/wp-content\/uploads\/2023\/10\/separador-300x169.png\" alt=\"\" class=\"wp-image-620\" srcset=\"https:\/\/premiofranciscomercado.org\/wp-content\/uploads\/2023\/10\/separador-300x169.png 300w, https:\/\/premiofranciscomercado.org\/wp-content\/uploads\/2023\/10\/separador-1024x576.png 1024w, https:\/\/premiofranciscomercado.org\/wp-content\/uploads\/2023\/10\/separador-768x432.png 768w, https:\/\/premiofranciscomercado.org\/wp-content\/uploads\/2023\/10\/separador-1536x864.png 1536w, https:\/\/premiofranciscomercado.org\/wp-content\/uploads\/2023\/10\/separador.png 1920w\" sizes=\"auto, (max-width: 300px) 100vw, 300px\" \/><\/figure>\n<\/div>\n\n\n<p class=\"has-text-align-center has-medium-font-size\" style=\"line-height:0.4\"><strong>Miembros del Jurado<\/strong><\/p>\n\n\n\n<ul style=\"font-size:16px\" class=\"wp-block-list\">\n<li style=\"font-size:16px\">Alex Branco Fraga<\/li>\n\n\n\n<li>Bel\u00e9n Castrillo<\/li>\n\n\n\n<li>Bernardo Jim\u00e9nez Dom\u00ednguez<\/li>\n\n\n\n<li>Betina Freidin<\/li>\n\n\n\n<li>Cla\u00fadia Susana Soares de Freitas<\/li>\n\n\n\n<li>Daniel Magalh\u00e3es Goulart<\/li>\n\n\n\n<li>Denise Guerreiro Vieira da Silva<\/li>\n\n\n\n<li>Dora Irma Cardaci Rodr\u00edguez<\/li>\n\n\n\n<li>Esteban Hadjez Berr\u00edos<\/li>\n\n\n\n<li>Gail Roberta Mummert Fulmer<\/li>\n\n\n\n<li>Graciela Freyermuth Enciso<\/li>\n\n\n\n<li>Jorge Alberto Bernstein Iriart<\/li>\n\n\n\n<li>Lupicinio I\u00f1iguez Rueda<\/li>\n\n\n\n<li>Marcia Grisotti<\/li>\n\n\n\n<li>Maria Claudia Duque P\u00e1ramo<\/li>\n\n\n\n<li>Maria do C\u00e9u Aguiar Barbieri de Figueiredo<\/li>\n\n\n\n<li>Maria L\u00facia Magalh\u00e3es Bosi<\/li>\n\n\n\n<li>Mary-Jane Paris Spink<\/li>\n\n\n\n<li>Nuria Homedes<\/li>\n\n\n\n<li>Ra\u00fal Antonio Castro Garc\u00eda<\/li>\n\n\n\n<li style=\"font-size:16px\">Teresa Gonz\u00e1lez Gil<\/li>\n<\/ul>\n","protected":false},"excerpt":{"rendered":"<p>Reconocimiento Repercuss\u00f5es da experi\u00eancia de racismo nas ocupa\u00e7\u00f5es maternais de mulheres negras: Estrat\u00e9gias de enfrentamentoTesis Sofia Martins Universidade Federal de S\u00e3o Carlos, Brasil Miembros del Jurado<\/p>\n","protected":false},"author":2,"featured_media":0,"parent":0,"menu_order":0,"comment_status":"closed","ping_status":"closed","template":"","meta":{"footnotes":""},"class_list":["post-252","page","type-page","status-publish","hentry"],"_links":{"self":[{"href":"https:\/\/premiofranciscomercado.org\/index.php?rest_route=\/wp\/v2\/pages\/252","targetHints":{"allow":["GET"]}}],"collection":[{"href":"https:\/\/premiofranciscomercado.org\/index.php?rest_route=\/wp\/v2\/pages"}],"about":[{"href":"https:\/\/premiofranciscomercado.org\/index.php?rest_route=\/wp\/v2\/types\/page"}],"author":[{"embeddable":true,"href":"https:\/\/premiofranciscomercado.org\/index.php?rest_route=\/wp\/v2\/users\/2"}],"replies":[{"embeddable":true,"href":"https:\/\/premiofranciscomercado.org\/index.php?rest_route=%2Fwp%2Fv2%2Fcomments&post=252"}],"version-history":[{"count":7,"href":"https:\/\/premiofranciscomercado.org\/index.php?rest_route=\/wp\/v2\/pages\/252\/revisions"}],"predecessor-version":[{"id":1745,"href":"https:\/\/premiofranciscomercado.org\/index.php?rest_route=\/wp\/v2\/pages\/252\/revisions\/1745"}],"wp:attachment":[{"href":"https:\/\/premiofranciscomercado.org\/index.php?rest_route=%2Fwp%2Fv2%2Fmedia&parent=252"}],"curies":[{"name":"wp","href":"https:\/\/api.w.org\/{rel}","templated":true}]}}

Edición 2023

<p class="has-white-color has-text-color has-background has-link-color has-eb-garamond-font-family wp-elements-f4774cce9e9cfa195d6244e3dff1c6d0" style="background-color:#d3812a;font-size:26px;line-height:1"><strong>Reconocimiento</strong></p>



<div class="wp-block-media-text has-media-on-the-right is-stacked-on-mobile"><div class="wp-block-media-text__content">
<p class="has-text-align-center" style="font-size:30px">Repercussões da experiência de racismo nas ocupações maternais de mulheres negras: Estratégias de enfrentamento<br><a href="https://repositorio.ufscar.br/bitstream/handle/ufscar/14993/%5bSofiaMartins_versaofinaltese%5d%20Repercussoes%20da%20experiencia%20do%20racismo%20nas%20ocupacoes%20maternais_estrategias%20de%20enfrentamento.pdf?sequence=1&amp;isAllowed=y" target="_blank" rel="noreferrer noopener"><em>Tesis</em></a></p>
</div><figure class="wp-block-media-text__media"><img loading="lazy" decoding="async" width="441" height="624" src="https://premiofranciscomercado.org/wp-content/uploads/2023/10/martins.jpg?w=441" alt="" class="wp-image-255 size-full" srcset="https://premiofranciscomercado.org/wp-content/uploads/2023/10/martins.jpg 441w, https://premiofranciscomercado.org/wp-content/uploads/2023/10/martins-212x300.jpg 212w" sizes="auto, (max-width: 441px) 100vw, 441px" /></figure></div>



<div class="wp-block-media-text is-stacked-on-mobile" style="grid-template-columns:30% auto"><figure class="wp-block-media-text__media"><img loading="lazy" decoding="async" width="726" height="1024" src="https://premiofranciscomercado.org/wp-content/uploads/2024/09/unnamed-726x1024.jpg" alt="" class="wp-image-1237 size-full" srcset="https://premiofranciscomercado.org/wp-content/uploads/2024/09/unnamed-726x1024.jpg 726w, https://premiofranciscomercado.org/wp-content/uploads/2024/09/unnamed-213x300.jpg 213w, https://premiofranciscomercado.org/wp-content/uploads/2024/09/unnamed-768x1083.jpg 768w, https://premiofranciscomercado.org/wp-content/uploads/2024/09/unnamed-1089x1536.jpg 1089w, https://premiofranciscomercado.org/wp-content/uploads/2024/09/unnamed-1453x2048.jpg 1453w, https://premiofranciscomercado.org/wp-content/uploads/2024/09/unnamed-1100x1551.jpg 1100w, https://premiofranciscomercado.org/wp-content/uploads/2024/09/unnamed-scaled.jpg 1816w" sizes="auto, (max-width: 726px) 100vw, 726px" /></figure><div class="wp-block-media-text__content">
<p><a href="https://lattes.cnpq.br/3202960614207080">Sofia Martins</a></p>



<p>Universidade Federal de São Carlos, Brasil</p>
</div></div>



<p></p>


<div class="wp-block-image">
<figure class="aligncenter size-medium"><img loading="lazy" decoding="async" width="300" height="169" src="https://premiofranciscomercado.org/wp-content/uploads/2023/10/separador-300x169.png" alt="" class="wp-image-620" srcset="https://premiofranciscomercado.org/wp-content/uploads/2023/10/separador-300x169.png 300w, https://premiofranciscomercado.org/wp-content/uploads/2023/10/separador-1024x576.png 1024w, https://premiofranciscomercado.org/wp-content/uploads/2023/10/separador-768x432.png 768w, https://premiofranciscomercado.org/wp-content/uploads/2023/10/separador-1536x864.png 1536w, https://premiofranciscomercado.org/wp-content/uploads/2023/10/separador.png 1920w" sizes="auto, (max-width: 300px) 100vw, 300px" /></figure>
</div>


<p class="has-text-align-center has-medium-font-size" style="line-height:0.4"><strong>Miembros del Jurado</strong></p>



<ul style="font-size:16px" class="wp-block-list">
<li style="font-size:16px">Alex Branco Fraga</li>



<li>Belén Castrillo</li>



<li>Bernardo Jiménez Domínguez</li>



<li>Betina Freidin</li>



<li>Claúdia Susana Soares de Freitas</li>



<li>Daniel Magalhães Goulart</li>



<li>Denise Guerreiro Vieira da Silva</li>



<li>Dora Irma Cardaci Rodríguez</li>



<li>Esteban Hadjez Berríos</li>



<li>Gail Roberta Mummert Fulmer</li>



<li>Graciela Freyermuth Enciso</li>



<li>Jorge Alberto Bernstein Iriart</li>



<li>Lupicinio Iñiguez Rueda</li>



<li>Marcia Grisotti</li>



<li>Maria Claudia Duque Páramo</li>



<li>Maria do Céu Aguiar Barbieri de Figueiredo</li>



<li>Maria Lúcia Magalhães Bosi</li>



<li>Mary-Jane Paris Spink</li>



<li>Nuria Homedes</li>



<li>Raúl Antonio Castro García</li>



<li style="font-size:16px">Teresa González Gil</li>
</ul>

<p>Reconocimiento Repercussões da experiência de racismo nas ocupações maternais de mulheres negras: Estratégias de enfrentamentoTesis Sofia Martins Universidade Federal de São Carlos, Brasil Miembros del Jurado</p>
