{"id":230,"date":"2023-10-15T14:14:43","date_gmt":"2023-10-15T20:14:43","guid":{"rendered":"https:\/\/pfranciscom.wordpress.com\/?page_id=230"},"modified":"2026-03-10T11:11:13","modified_gmt":"2026-03-10T17:11:13","slug":"fechas-importantes","status":"publish","type":"page","link":"https:\/\/premiofranciscomercado.org\/?page_id=230","title":{"rendered":"Fechas importantes"},"content":{"rendered":"\n<figure class=\"wp-block-table is-style-stripes\" style=\"font-size:26px\"><table class=\"has-text-color has-background has-link-color\" style=\"color:#8a1e04;background-color:#ffffff\"><tbody><tr><td>Apertura de la convocatoria<\/td><td>6 de enero de cada a\u00f1o par (2026, 2028, 2030, 2032, 2034)<\/td><\/tr><tr><td>Cierre de recepci\u00f3n de candidaturas<\/td><td>30 de abril del mismo a\u00f1o de apertura<\/td><\/tr><tr><td>Evaluaci\u00f3n de res\u00famenes<\/td><td>Mayo a junio del mismo a\u00f1o de apertura<\/td><\/tr><tr><td>Evaluaci\u00f3n de tesis<\/td><td>Julio a septiembre del mismo a\u00f1o de apertura<\/td><\/tr><tr><td>Evaluaci\u00f3n de tesis finalistas<\/td><td>Noviembre del a\u00f1o par a febrero del a\u00f1o siguiente<\/td><\/tr><tr><td>Selecci\u00f3n de la tesis premiada<\/td><td>Marzo a abril del a\u00f1o impar (2027, 2029, 2031, 2033, 2035)<\/td><\/tr><tr><td>Anuncio de la tesis premiada<\/td><td>30 de abril del siguiente a\u00f1o de apertura de la convocatoria, cada a\u00f1o impar (2027, 2029, 2031, 2033, 2035)<\/td><\/tr><\/tbody><\/table><\/figure>\n\n\n\n<p class=\"has-text-align-center has-text-color has-link-color has-large-font-size wp-elements-05fc430fe28aef9b9fafb080100da35a\" style=\"color:#000000;font-style:normal;font-weight:500\"><\/p>\n","protected":false},"excerpt":{"rendered":"<p>Apertura de la convocatoria 6 de enero de cada a\u00f1o par (2026, 2028, 2030, 2032, 2034) Cierre de recepci\u00f3n de candidaturas 30 de abril del mismo a\u00f1o de apertura Evaluaci\u00f3n de res\u00famenes Mayo a junio del mismo a\u00f1o de apertura Evaluaci\u00f3n de tesis Julio a septiembre del mismo a\u00f1o de apertura Evaluaci\u00f3n de tesis finalistas &hellip; <a href=\"https:\/\/premiofranciscomercado.org\/?page_id=230\" class=\"more-link\">Sigue leyendo <span class=\"screen-reader-text\">Fechas importantes<\/span> <span class=\"meta-nav\">&rarr;<\/span><\/a><\/p>\n","protected":false},"author":2,"featured_media":0,"parent":0,"menu_order":0,"comment_status":"closed","ping_status":"closed","template":"","meta":{"footnotes":""},"class_list":["post-230","page","type-page","status-publish","hentry"],"_links":{"self":[{"href":"https:\/\/premiofranciscomercado.org\/index.php?rest_route=\/wp\/v2\/pages\/230","targetHints":{"allow":["GET"]}}],"collection":[{"href":"https:\/\/premiofranciscomercado.org\/index.php?rest_route=\/wp\/v2\/pages"}],"about":[{"href":"https:\/\/premiofranciscomercado.org\/index.php?rest_route=\/wp\/v2\/types\/page"}],"author":[{"embeddable":true,"href":"https:\/\/premiofranciscomercado.org\/index.php?rest_route=\/wp\/v2\/users\/2"}],"replies":[{"embeddable":true,"href":"https:\/\/premiofranciscomercado.org\/index.php?rest_route=%2Fwp%2Fv2%2Fcomments&post=230"}],"version-history":[{"count":10,"href":"https:\/\/premiofranciscomercado.org\/index.php?rest_route=\/wp\/v2\/pages\/230\/revisions"}],"predecessor-version":[{"id":1660,"href":"https:\/\/premiofranciscomercado.org\/index.php?rest_route=\/wp\/v2\/pages\/230\/revisions\/1660"}],"wp:attachment":[{"href":"https:\/\/premiofranciscomercado.org\/index.php?rest_route=%2Fwp%2Fv2%2Fmedia&parent=230"}],"curies":[{"name":"wp","href":"https:\/\/api.w.org\/{rel}","templated":true}]}}

<figure class="wp-block-table is-style-stripes" style="font-size:26px"><table class="has-text-color has-background has-link-color" style="color:#8a1e04;background-color:#ffffff"><tbody><tr><td>Apertura de la convocatoria</td><td>6 de enero de cada año par (2026, 2028, 2030, 2032, 2034)</td></tr><tr><td>Cierre de recepción de candidaturas</td><td>30 de abril del mismo año de apertura</td></tr><tr><td>Evaluación de resúmenes</td><td>Mayo a junio del mismo año de apertura</td></tr><tr><td>Evaluación de tesis</td><td>Julio a septiembre del mismo año de apertura</td></tr><tr><td>Evaluación de tesis finalistas</td><td>Noviembre del año par a febrero del año siguiente</td></tr><tr><td>Selección de la tesis premiada</td><td>Marzo a abril del año impar (2027, 2029, 2031, 2033, 2035)</td></tr><tr><td>Anuncio de la tesis premiada</td><td>30 de abril del siguiente año de apertura de la convocatoria, cada año impar (2027, 2029, 2031, 2033, 2035)</td></tr></tbody></table></figure>



<p class="has-text-align-center has-text-color has-link-color has-large-font-size wp-elements-05fc430fe28aef9b9fafb080100da35a" style="color:#000000;font-style:normal;font-weight:500"></p>

<p>Apertura de la convocatoria 6 de enero de cada año par (2026, 2028, 2030, 2032, 2034) Cierre de recepción de candidaturas 30 de abril del mismo año de apertura Evaluación de resúmenes Mayo a junio del mismo año de apertura Evaluación de tesis Julio a septiembre del mismo año de apertura Evaluación de tesis finalistas &hellip; <a href="https://premiofranciscomercado.org/?page_id=230" class="more-link">Sigue leyendo <span class="screen-reader-text">Fechas importantes</span> <span class="meta-nav">&rarr;</span></a></p>
