{"id":1225,"date":"2024-06-07T12:37:45","date_gmt":"2024-06-07T18:37:45","guid":{"rendered":"https:\/\/premiofranciscomercado.org\/?page_id=1225"},"modified":"2025-12-09T13:45:45","modified_gmt":"2025-12-09T19:45:45","slug":"entradas-previas","status":"publish","type":"page","link":"https:\/\/premiofranciscomercado.org\/?page_id=1225","title":{"rendered":"Entradas previas"},"content":{"rendered":"\n<div class=\"wp-block-query alignfull is-layout-flow wp-block-query-is-layout-flow\">\n<div class=\"wp-block-group alignwide has-medium-font-size\" style=\"padding-top:var(--wp--preset--spacing--40);padding-right:var(--wp--preset--spacing--40);padding-bottom:var(--wp--preset--spacing--40);padding-left:var(--wp--preset--spacing--40)\"><div class=\"wp-block-group__inner-container is-layout-flow wp-block-group-is-layout-flow\"><ul style=\"text-transform:none;\" class=\"wp-block-post-template is-layout-flow wp-block-post-template-is-layout-flow\"><li class=\"wp-block-post post-1749 post type-post status-publish format-standard has-post-thumbnail hentry category-anuncios\">\n\n<div class=\"wp-block-group is-content-justification-left\"><div class=\"wp-block-group__inner-container is-layout-constrained wp-container-core-group-is-layout-b4bdc4c8 wp-block-group-is-layout-constrained\">\n<div class=\"wp-block-group is-vertical is-layout-flex wp-container-core-group-is-layout-438e4d21 wp-block-group-is-layout-flex\" style=\"padding-bottom:var(--wp--preset--spacing--80)\"><div style=\"font-size:0.9rem;letter-spacing:1px; margin-top:0;margin-right:0;margin-bottom:0;margin-left:0;\" class=\"has-text-align-left has-link-color wp-elements-5599b62b56904c5408ce764ba1a18b73 wp-block-post-date has-text-color has-contrast-color\"><time datetime=\"2026-04-27T12:24:27-06:00\">4\/27\/2026<\/time><\/div>\n\n\n<div class=\"wp-block-group\" style=\"margin-top:0;margin-bottom:0\"><div class=\"wp-block-group__inner-container is-layout-constrained wp-block-group-is-layout-constrained\"><h2 style=\"font-size:2.4rem;font-style:normal;font-weight:600;line-height:1;\" class=\"has-text-align-center has-link-color wp-elements-cd959f4fa13a10a337d5c312c518a29d wp-block-post-title has-text-color has-contrast-color\"><a href=\"https:\/\/premiofranciscomercado.org\/?p=1749\" target=\"_self\" >Faltan 3 d\u00edas para el cierre de la convocatoria | Edici\u00f3n 2027<\/a><\/h2>\n\n<div style=\"line-height:1.7;\" class=\"wp-block-post-excerpt has-small-font-size\"><p class=\"wp-block-post-excerpt__excerpt\">\u00a1A\u00fan est\u00e1s a tiempo de participar! \u23f3La convocatoria de la Edici\u00f3n 2027 cierra el pr\u00f3ximo 30 de abril \ud83d\uddd3\ufe0f Ainda d\u00e1 tempo de participar! \u23f3A convocat\u00f3ria da Edi\u00e7\u00e3o 2027 encerra no pr\u00f3ximo dia 30 de abril \ud83d\uddd3\ufe0f <\/p><\/div><\/div><\/div>\n<\/div>\n<\/div><\/div>\n\n<\/li><li class=\"wp-block-post post-1718 post type-post status-publish format-standard has-post-thumbnail hentry category-anuncios\">\n\n<div class=\"wp-block-group is-content-justification-left\"><div class=\"wp-block-group__inner-container is-layout-constrained wp-container-core-group-is-layout-b4bdc4c8 wp-block-group-is-layout-constrained\">\n<div class=\"wp-block-group is-vertical is-layout-flex wp-container-core-group-is-layout-438e4d21 wp-block-group-is-layout-flex\" style=\"padding-bottom:var(--wp--preset--spacing--80)\"><div style=\"font-size:0.9rem;letter-spacing:1px; margin-top:0;margin-right:0;margin-bottom:0;margin-left:0;\" class=\"has-text-align-left has-link-color wp-elements-5599b62b56904c5408ce764ba1a18b73 wp-block-post-date has-text-color has-contrast-color\"><time datetime=\"2026-04-15T11:38:44-06:00\">4\/15\/2026<\/time><\/div>\n\n\n<div class=\"wp-block-group\" style=\"margin-top:0;margin-bottom:0\"><div class=\"wp-block-group__inner-container is-layout-constrained wp-block-group-is-layout-constrained\"><h2 style=\"font-size:2.4rem;font-style:normal;font-weight:600;line-height:1;\" class=\"has-text-align-center has-link-color wp-elements-cd959f4fa13a10a337d5c312c518a29d wp-block-post-title has-text-color has-contrast-color\"><a href=\"https:\/\/premiofranciscomercado.org\/?p=1718\" target=\"_self\" >Faltan 15 d\u00edas para el cierre de la convocatoria | Edici\u00f3n 2027<\/a><\/h2>\n\n<div style=\"line-height:1.7;\" class=\"wp-block-post-excerpt has-small-font-size\"><p class=\"wp-block-post-excerpt__excerpt\">\u00a1Falta poco tiempo! \u00a1A\u00fan est\u00e1s a tiempo de participar! La convocatoria de la Edici\u00f3n 2027 cierra el pr\u00f3ximo 30 de abril Falta pouco tempo! Ainda d\u00e1 tempo de participar! A convocat\u00f3ria da Edi\u00e7\u00e3o 2027 encerra no pr\u00f3ximo dia 30 de abril <\/p><\/div><\/div><\/div>\n<\/div>\n<\/div><\/div>\n\n<\/li><li class=\"wp-block-post post-1696 post type-post status-publish format-standard has-post-thumbnail hentry category-difusion\">\n\n<div class=\"wp-block-group is-content-justification-left\"><div class=\"wp-block-group__inner-container is-layout-constrained wp-container-core-group-is-layout-b4bdc4c8 wp-block-group-is-layout-constrained\">\n<div class=\"wp-block-group is-vertical is-layout-flex wp-container-core-group-is-layout-438e4d21 wp-block-group-is-layout-flex\" style=\"padding-bottom:var(--wp--preset--spacing--80)\"><div style=\"font-size:0.9rem;letter-spacing:1px; margin-top:0;margin-right:0;margin-bottom:0;margin-left:0;\" class=\"has-text-align-left has-link-color wp-elements-5599b62b56904c5408ce764ba1a18b73 wp-block-post-date has-text-color has-contrast-color\"><time datetime=\"2026-04-07T12:34:28-06:00\">4\/7\/2026<\/time><\/div>\n\n\n<div class=\"wp-block-group\" style=\"margin-top:0;margin-bottom:0\"><div class=\"wp-block-group__inner-container is-layout-constrained wp-block-group-is-layout-constrained\"><h2 style=\"font-size:2.4rem;font-style:normal;font-weight:600;line-height:1;\" class=\"has-text-align-center has-link-color wp-elements-cd959f4fa13a10a337d5c312c518a29d wp-block-post-title has-text-color has-contrast-color\"><a href=\"https:\/\/premiofranciscomercado.org\/?p=1696\" target=\"_self\" >Difusi\u00f3n | Astrolabio. Nueva \u00c9poca | Convocatoria de art\u00edculos<\/a><\/h2>\n\n<div style=\"line-height:1.7;\" class=\"wp-block-post-excerpt has-small-font-size\"><p class=\"wp-block-post-excerpt__excerpt\">Compartimos la siguiente difusi\u00f3n: https:\/\/revistas.unc.edu.ar\/index.php\/astrolabio\/announcement\/view\/689 <\/p><\/div><\/div><\/div>\n<\/div>\n<\/div><\/div>\n\n<\/li><\/ul><\/div><\/div>\n\n\n\n<div class=\"wp-block-group is-content-justification-left\" style=\"margin-top:0;margin-bottom:0;padding-top:0;padding-right:var(--wp--preset--spacing--40);padding-bottom:var(--wp--preset--spacing--40);padding-left:var(--wp--preset--spacing--40)\"><div class=\"wp-block-group__inner-container is-layout-constrained wp-container-core-group-is-layout-4f3b647b wp-block-group-is-layout-constrained\"><nav class=\"wp-block-query-pagination is-content-justification-left is-nowrap is-layout-flex wp-container-core-query-pagination-is-layout-f56a869c wp-block-query-pagination-is-layout-flex\" aria-label=\"Paginaci\u00f3n\">\n\n\n<a href=\"\/index.php?rest_route=%2Fwp%2Fv2%2Fpages%2F1225&#038;query-31-page=2\" style=\"font-size:0.9rem;text-transform:uppercase;letter-spacing:1px;\" class=\"wp-elements-165a8aa96a7546446f11c5f70728c230 wp-block-query-pagination-next\">P\u00e1gina siguiente<\/a>\n<\/nav><\/div><\/div>\n<\/div>\n","protected":false},"excerpt":{"rendered":"","protected":false},"author":1,"featured_media":0,"parent":0,"menu_order":0,"comment_status":"closed","ping_status":"closed","template":"","meta":{"footnotes":""},"class_list":["post-1225","page","type-page","status-publish","hentry"],"_links":{"self":[{"href":"https:\/\/premiofranciscomercado.org\/index.php?rest_route=\/wp\/v2\/pages\/1225","targetHints":{"allow":["GET"]}}],"collection":[{"href":"https:\/\/premiofranciscomercado.org\/index.php?rest_route=\/wp\/v2\/pages"}],"about":[{"href":"https:\/\/premiofranciscomercado.org\/index.php?rest_route=\/wp\/v2\/types\/page"}],"author":[{"embeddable":true,"href":"https:\/\/premiofranciscomercado.org\/index.php?rest_route=\/wp\/v2\/users\/1"}],"replies":[{"embeddable":true,"href":"https:\/\/premiofranciscomercado.org\/index.php?rest_route=%2Fwp%2Fv2%2Fcomments&post=1225"}],"version-history":[{"count":2,"href":"https:\/\/premiofranciscomercado.org\/index.php?rest_route=\/wp\/v2\/pages\/1225\/revisions"}],"predecessor-version":[{"id":1296,"href":"https:\/\/premiofranciscomercado.org\/index.php?rest_route=\/wp\/v2\/pages\/1225\/revisions\/1296"}],"wp:attachment":[{"href":"https:\/\/premiofranciscomercado.org\/index.php?rest_route=%2Fwp%2Fv2%2Fmedia&parent=1225"}],"curies":[{"name":"wp","href":"https:\/\/api.w.org\/{rel}","templated":true}]}}

<div class="wp-block-query alignfull is-layout-flow wp-block-query-is-layout-flow">
<div class="wp-block-group alignwide has-medium-font-size" style="padding-top:var(--wp--preset--spacing--40);padding-right:var(--wp--preset--spacing--40);padding-bottom:var(--wp--preset--spacing--40);padding-left:var(--wp--preset--spacing--40)"><div class="wp-block-group__inner-container is-layout-flow wp-block-group-is-layout-flow"><ul style="text-transform:none;" class="wp-block-post-template is-layout-flow wp-block-post-template-is-layout-flow"><li class="wp-block-post post-1749 post type-post status-publish format-standard has-post-thumbnail hentry category-anuncios">

<div class="wp-block-group is-content-justification-left"><div class="wp-block-group__inner-container is-layout-constrained wp-container-core-group-is-layout-b4bdc4c8 wp-block-group-is-layout-constrained">
<div class="wp-block-group is-vertical is-layout-flex wp-container-core-group-is-layout-438e4d21 wp-block-group-is-layout-flex" style="padding-bottom:var(--wp--preset--spacing--80)"><div style="font-size:0.9rem;letter-spacing:1px; margin-top:0;margin-right:0;margin-bottom:0;margin-left:0;" class="has-text-align-left has-link-color wp-elements-5599b62b56904c5408ce764ba1a18b73 wp-block-post-date has-text-color has-contrast-color"><time datetime="2026-04-27T12:24:27-06:00">4/27/2026</time></div>


<div class="wp-block-group" style="margin-top:0;margin-bottom:0"><div class="wp-block-group__inner-container is-layout-constrained wp-block-group-is-layout-constrained"><h2 style="font-size:2.4rem;font-style:normal;font-weight:600;line-height:1;" class="has-text-align-center has-link-color wp-elements-cd959f4fa13a10a337d5c312c518a29d wp-block-post-title has-text-color has-contrast-color"><a href="https://premiofranciscomercado.org/?p=1749" target="_self" >Faltan 3 días para el cierre de la convocatoria | Edición 2027</a></h2>

<div style="line-height:1.7;" class="wp-block-post-excerpt has-small-font-size"><p class="wp-block-post-excerpt__excerpt">¡Aún estás a tiempo de participar! ⏳La convocatoria de la Edición 2027 cierra el próximo 30 de abril 🗓️ Ainda dá tempo de participar! ⏳A convocatória da Edição 2027 encerra no próximo dia 30 de abril 🗓️ </p></div></div></div>
</div>
</div></div>

</li><li class="wp-block-post post-1718 post type-post status-publish format-standard has-post-thumbnail hentry category-anuncios">

<div class="wp-block-group is-content-justification-left"><div class="wp-block-group__inner-container is-layout-constrained wp-container-core-group-is-layout-b4bdc4c8 wp-block-group-is-layout-constrained">
<div class="wp-block-group is-vertical is-layout-flex wp-container-core-group-is-layout-438e4d21 wp-block-group-is-layout-flex" style="padding-bottom:var(--wp--preset--spacing--80)"><div style="font-size:0.9rem;letter-spacing:1px; margin-top:0;margin-right:0;margin-bottom:0;margin-left:0;" class="has-text-align-left has-link-color wp-elements-5599b62b56904c5408ce764ba1a18b73 wp-block-post-date has-text-color has-contrast-color"><time datetime="2026-04-15T11:38:44-06:00">4/15/2026</time></div>


<div class="wp-block-group" style="margin-top:0;margin-bottom:0"><div class="wp-block-group__inner-container is-layout-constrained wp-block-group-is-layout-constrained"><h2 style="font-size:2.4rem;font-style:normal;font-weight:600;line-height:1;" class="has-text-align-center has-link-color wp-elements-cd959f4fa13a10a337d5c312c518a29d wp-block-post-title has-text-color has-contrast-color"><a href="https://premiofranciscomercado.org/?p=1718" target="_self" >Faltan 15 días para el cierre de la convocatoria | Edición 2027</a></h2>

<div style="line-height:1.7;" class="wp-block-post-excerpt has-small-font-size"><p class="wp-block-post-excerpt__excerpt">¡Falta poco tiempo! ¡Aún estás a tiempo de participar! La convocatoria de la Edición 2027 cierra el próximo 30 de abril Falta pouco tempo! Ainda dá tempo de participar! A convocatória da Edição 2027 encerra no próximo dia 30 de abril </p></div></div></div>
</div>
</div></div>

</li><li class="wp-block-post post-1696 post type-post status-publish format-standard has-post-thumbnail hentry category-difusion">

<div class="wp-block-group is-content-justification-left"><div class="wp-block-group__inner-container is-layout-constrained wp-container-core-group-is-layout-b4bdc4c8 wp-block-group-is-layout-constrained">
<div class="wp-block-group is-vertical is-layout-flex wp-container-core-group-is-layout-438e4d21 wp-block-group-is-layout-flex" style="padding-bottom:var(--wp--preset--spacing--80)"><div style="font-size:0.9rem;letter-spacing:1px; margin-top:0;margin-right:0;margin-bottom:0;margin-left:0;" class="has-text-align-left has-link-color wp-elements-5599b62b56904c5408ce764ba1a18b73 wp-block-post-date has-text-color has-contrast-color"><time datetime="2026-04-07T12:34:28-06:00">4/7/2026</time></div>


<div class="wp-block-group" style="margin-top:0;margin-bottom:0"><div class="wp-block-group__inner-container is-layout-constrained wp-block-group-is-layout-constrained"><h2 style="font-size:2.4rem;font-style:normal;font-weight:600;line-height:1;" class="has-text-align-center has-link-color wp-elements-cd959f4fa13a10a337d5c312c518a29d wp-block-post-title has-text-color has-contrast-color"><a href="https://premiofranciscomercado.org/?p=1696" target="_self" >Difusión | Astrolabio. Nueva Época | Convocatoria de artículos</a></h2>

<div style="line-height:1.7;" class="wp-block-post-excerpt has-small-font-size"><p class="wp-block-post-excerpt__excerpt">Compartimos la siguiente difusión: https://revistas.unc.edu.ar/index.php/astrolabio/announcement/view/689 </p></div></div></div>
</div>
</div></div>

</li></ul></div></div>



<div class="wp-block-group is-content-justification-left" style="margin-top:0;margin-bottom:0;padding-top:0;padding-right:var(--wp--preset--spacing--40);padding-bottom:var(--wp--preset--spacing--40);padding-left:var(--wp--preset--spacing--40)"><div class="wp-block-group__inner-container is-layout-constrained wp-container-core-group-is-layout-4f3b647b wp-block-group-is-layout-constrained"><nav class="wp-block-query-pagination is-content-justification-left is-nowrap is-layout-flex wp-container-core-query-pagination-is-layout-f56a869c wp-block-query-pagination-is-layout-flex" aria-label="Paginación">


<a href="/index.php?rest_route=%2Fwp%2Fv2%2Fpages%2F1225&#038;query-31-page=2" style="font-size:0.9rem;text-transform:uppercase;letter-spacing:1px;" class="wp-elements-165a8aa96a7546446f11c5f70728c230 wp-block-query-pagination-next">Página siguiente</a>
</nav></div></div>
</div>
